
Let y(u) = 2*u - 8. Suppose 9 = -j + 6*j + 4*a, -5*a - 25 = -j. Calculate y(j).
2
Suppose 28*u = 8*u - 60. Let l(d) = 7*d**3 - 2*d**2 - 5*d - 9. Let b(y) = 6*y**3 - y**2 - 5*y - 8. Let f(p) = 5*b(p) - 4*l(p). Calculate f(u).
-16
Let r = -3 - -1. Let k(c) be the first derivative of -c**3 - 3*c**2/2 + 210. Calculate k(r).
-6
Let w(a) be the first derivative of -a**3/3 - 2*a**2 - 2*a - 26. What is w(-4)?
-2
Let d(o) be the third derivative of 7*o**6/360 + o**5/120 + o**4/24 - 13*o**3/6 - 6*o**2. Let y(x) be the first derivative of d(x). Give y(-1).
7
Suppose g - 2 = b, b = -g + 5*b + 2. Let u(f) = 9*f - 21. Let q be u(g). Let s(v) be the first derivative of v**2/2 - v - 1. Determine s(q).
-4
Let z(o) = o - 3. Let x = 38 - 32. Let m(u) = -u + 4. Let b(s) = x*m(s) + 7*z(s). Calculate b(4).
7
Let f(g) = 5*g - 1. Let z be 10/(0 + 0 - -2). Suppose -2*i = -4*i + 3*b - 1, -2*i - b = z. Give f(i).
-11
Let o be 4/6*(9 + 0). Suppose 1 = 2*p - 3. Let w(y) = -55*y**p + 3 - 7*y + 56*y**2 + 4 - 4. What is w(o)?
-3
Let t(a) = -4*a + 2. Let h(b) = 5*b - 1. Let c(p) = -3*h(p) - 4*t(p). Let r be -4*10*6/48. What is c(r)?
-10
Let z(m) = -3*m - 3. Let n be z(-6). Let d be 2/15*3 + (-81)/n. Let h(p) = -p**3 - 5*p**2 - p - 2. Determine h(d).
3
Let s(r) = -500 + r - 2*r + 493. Calculate s(-5).
-2
Let k(r) be the third derivative of -r**4/12 + 23*r**3/6 + 81*r**2. Calculate k(7).
9
Let d(j) = j**3 - 7*j**2 + 10*j + 4. Suppose 58*r - 3 = -3*c + 55*r, 5*c - 11 = -3*r. Calculate d(c).
-4
Suppose 5*m - 30 = 4*y, 0 = 4*m + 6 + 2. Let q(v) = v + 8. Give q(y).
-2
Let a be -2 + (168/(-3))/(-4). Let w(k) = 2 + 5 - a - 7*k - k**2. Give w(-6).
1
Suppose -5*l - 3 - 7 = 0. Let c(h) be the second derivative of h**4/12 + 5*h**3/6 + h**2 - 90*h. Give c(l).
-4
Let n be -1 + 1 + (6 - 20). Let y be 1 - 2 - 42/n. Let s(t) = 7*t**2 - y*t**2 - t - 6*t**2. Calculate s(-3).
-6
Let w(u) = -11*u**3 + 4*u - 8. Let p(g) = 9*g**3 - 3*g + 7. Let h(x) = -6*p(x) - 5*w(x). Give h(-2).
-6
Let l = -8 + 14. Let v(n) = -8*n**2 - 3 - 9*n**2 - 8*n + 18*n**2. Calculate v(l).
-15
Let p(r) = 4*r**2 + 1. Let q = 22 + -21. Let a be p(q). Let n(s) be the third derivative of s**5/60 - s**4/6 - s**3 - s**2. What is n(a)?
-1
Let c(n) = -21*n**3 - 12*n**3 - 7*n**2 + 5 + 34*n**3. Suppose -2*j - 5 = 5. Let g be (j + 26)*(-2)/(-6). Calculate c(g).
5
Let x(i) be the second derivative of 9*i - 1/2*i**2 - 10/3*i**3 - 2. Give x(1).
-21
Let u(t) = -t**3 + 3*t**2 + 4*t - 2. Let x = -330 + 334. Calculate u(x).
-2
Let r(y) be the second derivative of y**5/20 - y**4/3 - 4*y**3/3 + 3*y**2/2 - 2*y. Suppose 638*w - 70 = 624*w. Calculate r(w).
-12
Let x(i) = -i**3 + 2*i**2 + i. Let z be (-2)/2 - (2 + 16/(-4)). Suppose 0 = 4*a - 2*d - 6, -2*a = -3*d + 8*d + 27. Let c be (-1)/(a/2*z). What is x(c)?
2
Let x(q) = 2*q + 5. Let g(r) = -r**2 - 55*r - 112. Let o be g(-53). Calculate x(o).
-7
Let v(u) = -17*u**2 - 2*u - 3. Let p(f) = 14*f**2 + 3*f + 4. Let j(g) = 6*p(g) + 5*v(g). Determine j(8).
9
Suppose -7*i + 23 = -26. Let d(z) = -z**2 - 6*z + 8. Let y be 56/(-32) + (-2)/8. Let h(s) = -2*s**2 - 5*s + 9. Let p(w) = y*h(w) + 3*d(w). Calculate p(i).
-1
Let h(b) = b**3 - 9*b**2 + 25*b - 24. Let l be h(5). Let r(d) = 2*d. Let c be r(1). Let m(w) = -6*w**3 + w - 5*w**2 - w**2 + 4*w**c. What is m(l)?
-7
Let c(q) = -q - 6. Suppose 16*b - 14*b - 10 = 0. Suppose -f - 3*f + w = 21, -b*f - 24 = w. Determine c(f).
-1
Let f(m) = -2*m + 28. Let b be f(13). Suppose b*k + 3*k + 40 = 0. Let z(w) = w**3 + 7*w**2 - 9*w + 4. Give z(k).
12
Let x be (-6)/(2/(8/3)). Let o(w) = -2*w**2 - 15*w + 16. Give o(x).
8
Let y(v) = -5 + 12 + 3*v - 9 - 8. Give y(6).
8
Let j(c) be the first derivative of 9*c - 1/2*c**2 - 3. What is j(6)?
3
Let f(t) be the second derivative of t**4/12 - t**3/3 - 35*t**2/2 + 24*t. Let j be f(-5). Let l(m) = m**3 + 19. Give l(j).
19
Let i(j) = 36 + 3*j - 7*j + j + 4*j. What is i(-24)?
12
Let x(v) be the third derivative of -v**6/360 - 7*v**5/120 - v**4/8 - 8*v**3/3 + 12*v**2. Let k(m) be the first derivative of x(m). Give k(-6).
3
Let t = -361 + 378. Let s(m) = 4*m - 67. Determine s(t).
1
Let l(b) = -9*b**2 + b. Let r be 118/(-8) + 10/(-40). Let h be r*((-36)/(-15))/6. Let j be (-15)/(-12) - h/(-24). Determine l(j).
-8
Let i(m) = -m**2 + 6*m. Let d be i(6). Suppose -u - 4*u - 2*t + 5 = d, u = -4*t - 17. Let b(p) = -2 + 49*p - 2*p**3 - 4*p**2 + 3*p**3 - 47*p. Calculate b(u).
-5
Let v(j) = j**3 - j**2 - 5*j + 3. Let w(c) = c - 7. Let d be w(9). Let t be v(d). Let z be 6/t*(-6)/(-4). Let s(b) = -b**3 - 4*b**2 - 3*b - 4. Give s(z).
-4
Let z(c) = -c**3 - c**2 - 11. Let s(f) = 3*f**2 - 3. Let w be s(0). Let v be (2 - (w + 5))/2. What is z(v)?
-11
Let h(r) = 53*r - 26*r - 30*r + 2 - 4*r**2 + 0. Let l(x) = 5*x**2 + 3*x - 1. Let v(a) = 4*h(a) + 3*l(a). What is v(4)?
-23
Suppose -4*d = -5*x + 43 - 8, -2*d = 10. Let m(f) = -2*f + 46*f**3 - 2*f**2 + 47*f**x - 94*f**3 + 6 - 5. Give m(-2).
5
Let k(d) = -2*d**3 + d**2. Let a(c) = -3*c**3 + c**2 + 2*c - 2. Let n(z) = a(z) - k(z). Give n(-3).
19
Suppose 0 = p - 2*p + 12. Suppose 0 = -176*n + 178*n - 12. Let g(z) = -z**2 - p + 3 + n*z + 9. What is g(6)?
0
Let s(j) be the first derivative of -j**4/4 + j**3 + 5*j**2/2 - 7*j + 117. Give s(3).
8
Let f(d) = 4*d - 4. Let n(r) be the third derivative of -7*r**4/24 + 4*r**3/3 + 7*r**2. Let t(l) = 5*f(l) + 3*n(l). Suppose -15 + 1 = -2*q. Calculate t(q).
-3
Let b(d) be the second derivative of 0 - 1/3*d**3 + 3*d**2 + 2*d. Let t(f) = 2*f - 3. Let h be t(4). Give b(h).
-4
Let t(j) = 1590 + j**3 - 4*j**2 - 3183 + 4*j + 1586. Determine t(3).
-4
Let f(r) be the first derivative of -1/10*r**5 + 1/3*r**3 - 10*r + 1/6*r**4 - r**2 - 1. Let k(g) be the first derivative of f(g). Determine k(2).
-6
Let o(l) = -2*l**2 + 22*l + 4. Let a = -56 + 67. Let z be o(a). Let n(v) = 2*v - 5. Give n(z).
3
Suppose -26 = -2*f + 4*u, -4*f = -u + 5 - 22. Let x(j) = j**2 - 6*j. Calculate x(f).
-9
Let t(x) = -x - 12. Let i be t(0). Let m = i - -14. Suppose 5*v = v - a + 7, -m*v - 3*a = 9. Let q(s) = -s**3 + 3*s**2 - 4*s + 2. Calculate q(v).
-10
Let d(j) = j**2 - 5*j - 43. Let n be d(11). Let i(f) = -f**2 + 21*f + 44. Let o be i(n). Let a(l) = 2*l - 2. Calculate a(o).
-6
Let n(t) be the first derivative of -t**2/2 + 2*t + 36. Let i(u) = u**3 - 11*u**2 + 9*u + 14. Let w be i(10). What is n(w)?
-2
Let h(r) be the second derivative of -1/60*r**5 + 5/24*r**4 - 2*r + 0 - 3*r**2 + 0*r**3. Let v(k) be the first derivative of h(k). Calculate v(5).
0
Let x(c) be the first derivative of -c**3/3 + 3*c**2/2 + 2*c - 5. Let q be x(4). Let l(i) = 2*i - 7*i - 78 + 79. Calculate l(q).
11
Let k be (-4 - -5)/((-2)/12). Let r(f) = -4*f + 6. Let p(y) be the second derivative of 7*y**3/6 - 11*y**2/2 - 2*y. Let i(t) = k*p(t) - 11*r(t). What is i(4)?
8
Suppose -2*k + 2 = -2*z, -z - 2 = z. Suppose -3*c - 2*c + 10 = k. Let d(i) = -i**2 + 2*i. What is d(c)?
0
Let l(j) = 7*j**3 + 9*j**2 - 3*j - 15. Let u(f) = -4*f**3 - 4*f**2 + 7. Let w(g) = 3*l(g) + 5*u(g). Give w(-8).
-2
Suppose -3*f = -9 - 0. Suppose -f = -3*n - 0. Let a(l) = -1 - 3*l + 0 + 2*l - n. Give a(4).
-6
Let z(s) = s**2 + s + 4. Let b be z(0). Let r = b + -10. Let j(q) = -5*q**2 - q**3 + 4*q**3 - 4*q**3 + 7*q - 7. Calculate j(r).
-13
Let f = -443 - -436. Let v(y) = y**3 + 7*y**2 - y - 10. Calculate v(f).
-3
Let q = 395/597 - -1/199. Let o(c) be the first derivative of 1 + c**2 + c - q*c**3. Determine o(2).
-3
Let u be (-1)/2 + 22/4. Let p(w) = 1 - 2*w - 5 + u - w. Suppose 0 = -2*r + 2, 0 = -5*b + 3*r + 2*r + 15. What is p(b)?
-11
Suppose -33*c = -84 - 81. Let v(x) = 2*x**2 + 6*x + 2. Calculate v(c).
82
Let u(a) = 5*a - 6. Let y(m) = -10*m + 13. Let w(g) = -13*u(g) - 6*y(g). Let b be (7/21)/((-1)/(-6)). Suppose 5 = 3*s + b. Give w(s).
-5
Let x(w) = w - 14. Let v be x(12). Let m be -4*v/(0 - 4). Let g(i) = 3*i - 1. What is g(m)?
-7
Let l(b) = -b**2 - 3*b + 4. Let j be l(-3). Let f be (-6)/j*6/(-9). Let c(o) be the third derivative of 17*o**4/24 + o**3/6 - 81*o**2. Determine c(f).
18
Let f(z) be the first derivative of -8 - 4*z - 1/2*z**2. What is f(-8)?
4
Let y(l) = -4*l**3 - 3*l + 2 + 3*l**3 + l**2 + 0*l**3. Let f = -19 - -24. Suppose f*b - 3*h + 5 = 0, 0 = -2*b - 3*b - 5*h + 35. Calculate y(b).
-8
Let g(a) = -16*a - 1. Let y(r) = -24*r - 2. Let j(x) = 8*g(x) - 5*